o be (-1184)/(-18) + 4/18. Calculate the highest common divisor of o and 22.
22
Suppose 0 = -7*j + 179 + 3. Let g = 4 + -6. Let d(k) = -7*k**3 + 2*k**2 + 1. Let q be d(g). What is the greatest common factor of j and q?
13
Suppose 56 = 3*p - 5*a, 0*a = 2*p - 3*a - 37. Suppose 221*f - 217*f - 204 = 0. What is the highest common factor of p and f?
17
Suppose -1 = 9*a - 10*a. Let b(r) = -126*r**2 + 2*r - 1. Let z be b(a). Let y = z + 220. Calculate the greatest common factor of y and 19.
19
Suppose -497*m - 97 = -498*m. What is the highest common factor of m and 1?
1
Let f = 981 - 979. Suppose -p + 0 - 1 = 0. Let g = 1 - p. Calculate the greatest common factor of f and g.
2
Let n(b) = -2*b**3 + 59*b**2 - 72*b + 54. Let h be n(28). Calculate the greatest common factor of h and 270.
30
Suppose 0 = -5*x + 2*s + 124, -s = -2*x - 3*s + 58. What is the highest common factor of x and 26?
26
Let d(s) = -3 - 4 - 5*s**2 + 5*s**3 + 0*s**2 + 2*s - 4*s**3. Let p be d(5). Let b be ((-1)/p)/((-6)/90). What is the highest common factor of b and 1?
1
Suppose -124 - 362 = -6*d. Let x = d + -74. What is the greatest common divisor of x and 28?
7
Let d be 612/1377 + ((-6)/2 - 1396/(-18)). Let b = 24 - -6. What is the highest common factor of d and b?
15
Let a be ((-39)/2)/(3/(-4)). Suppose w - a = 1. Suppose -3*y - 7*y = -180. What is the highest common divisor of y and w?
9
Let l(v) = 2*v**3 + 61*v**2 - 37*v - 172. Let i be l(-31). Suppose -35 = -3*y + 112. What is the highest common divisor of i and y?
7
Let n(o) = o**3 + 4*o**2 - 2*o - 2. Let f be n(-4). Suppose -a = 1 - f. Suppose -5*v - a = -40. Calculate the highest common factor of 1 and v.
1
Let w(f) = -4*f**3 - f**2 - 3*f - 2. Let p be w(-1). Suppose -3*k - 9 + 33 = 4*a, k = p. What is the greatest common factor of 12 and a?
3
Let z(t) = 19*t**3 - t**2 + t - 1. Let w be z(1). Let u be ((-17629)/(-85) - 7/5) + -8. What is the greatest common divisor of u and w?
18
Suppose -2*d = -2*n + 5 + 3, -d - n + 4 = 0. Let t be 2 + d + 1 + 0. Suppose -2*v = -t*u + 6 + 3, 2*v + 3 = u. Calculate the highest common divisor of u and 3.
3
Suppose -44*f = -30*f - 4802. Calculate the highest common divisor of 98 and f.
49
Let r be (-1)/10 + 53964/(-360). Let i = -130 - r. Calculate the greatest common divisor of i and 220.
20
Let z = 1 + 3. Suppose 4*w - 18 = 2*l, -4*w - 2*l - 8 = -3*w. Let o be (w/12)/(12/48)*30. What is the greatest common factor of z and o?
4
Let s = 733 + -445. Calculate the highest common divisor of 180 and s.
36
Let x = -57 - -84. Suppose 0 = 5*w - 57 + 12. What is the highest common factor of w and x?
9
Let p be 1125/(-6)*(-10)/15. Suppose 127 = 3*r - p. Suppose 3*g - 18 = -j, -2*j + g + r = j. What is the highest common factor of 216 and j?
27
Suppose 4 = 3*s - 29. Suppose 2 = r - 2. Suppose 2*c + 5*k - 35 - 109 = 0, -r*k = 8. What is the greatest common factor of s and c?
11
Let z = 550 + -494. Calculate the highest common divisor of z and 70.
14
Let g be (2/7)/((-2)/14). Let o be g/6 + 628/12. Let s(z) = z**3 - 7*z**2 + 7*z + 7. Let q be s(6). What is the greatest common factor of o and q?
13
Suppose 12*s = 16*s - 16, -z - 2*s + 52 = 0. What is the greatest common divisor of 33 and z?
11
Suppose 23*k - 50 - 318 = 0. Calculate the highest common divisor of 128 and k.
16
Suppose -676*f + 26047 + 17665 + 13072 = 0. Let j = -31 - -67. Calculate the greatest common factor of j and f.
12
Let i be 3 - 0 - (9 + -8) - -68. What is the greatest common factor of 56 and i?
14
Let l(m) = m**3 - 2*m**2 + 5*m - 23. Let w be l(3). Let a be w*(-3)/3*-56. What is the greatest common factor of 16 and a?
8
Let d be -4*((-714)/76 + (-14)/133). What is the greatest common factor of d and 1786?
38
Let b be (1*1/3)/(2/12). Suppose 4*r = b*q - 26, -105 = -5*q + 2*r - 8. Calculate the highest common divisor of q and 21.
21
Suppose 58 = 3*q + 2*v - 236, 4*v - 396 = -4*q. Calculate the highest common divisor of 12 and q.
12
Let p be 8*(8 + 0 + -4). Suppose 4*h - 8*h = -p. Suppose f + 2*f - 12 = 0. Calculate the greatest common factor of h and f.
4
Suppose -8*t - 44 + 284 = 0. Let y = t - 16. What is the greatest common divisor of y and 14?
14
Let y = 2774 + -2274. What is the greatest common divisor of 300 and y?
100
Suppose -3*g + 1866 = 2*g + 3*h, 1112 = 3*g - 2*h. What is the greatest common factor of 48 and g?
12
Suppose 12*c - 2 = 10*c. Suppose p = -0*p + 5. Suppose c = p*a - 54. Calculate the greatest common factor of 99 and a.
11
Suppose 4*y - 9 = 3*y. Suppose 313 = -4*w - 227. Let o be ((-6)/(-5) - 2)/(6/w). What is the greatest common factor of y and o?
9
Let g = -119 + 214. Let r = g - 83. Suppose -j + 55 = -53. Calculate the greatest common factor of j and r.
12
Let w(f) = -f**3 + 9*f**2 - f + 7. Let i be w(11). Let z = i - -446. Suppose 5 - 105 = -4*t. Calculate the greatest common divisor of t and z.
25
Let p be (103 - (11 + -10)) + -10. What is the highest common factor of 161 and p?
23
Suppose 0 = -4*g - m + 7053, 4*g + 8*m - 5*m - 7047 = 0. What is the greatest common divisor of g and 36?
36
Let x(a) = a**2 + a + 20. Let v be x(0). Suppose 8*h = 13*h + 25, -4*h + 80 = r. What is the greatest common divisor of r and v?
20
Let d = 1725 + -1661. Calculate the highest common divisor of d and 10.
2
Suppose -4*g - 127 = -5*f, 0 = f + 3*g - 2*g - 20. Let o be 55*((-24)/15 + 2). Let y be o*(2 + 19/2). What is the highest common factor of y and f?
23
Suppose 0 = -3*k - 3*d + 12, -k + 14 = -d - 3*d. Suppose -k*f = -68 - 22. What is the highest common factor of f and 6?
3
Let p = -124 + 135. Let j be (0 + 8)/(1/11). What is the highest common factor of p and j?
11
Let l be (1 + -1)/(-9 + 10). Suppose o + l*o - 6 = 0. Let g be (o/1)/(6/2). Calculate the greatest common factor of g and 14.
2
Let a be -13 + 19 - -2*11. Suppose 0*l = 2*l - 112. Calculate the greatest common divisor of a and l.
28
Suppose -4*j = 5*l - 71, l - 54*j = -51*j - 1. Let q = 130 + -75. Calculate the highest common divisor of l and q.
11
Let s = 4 + 23. Suppose c = -2*c + s. Let x be 25 + 1/3*c. What is the greatest common factor of 42 and x?
14
Suppose 5*s - s = 8. Suppose -l = -s*l. Suppose l = 3*x + 5*j - 11 - 2, 5*x + 4*j = 13. Calculate the highest common factor of 5 and x.
1
Let j(c) = -25*c**2 - c. Let h be j(-1). Let x be (-6)/h + (-46)/(-8). Suppose 5*f = x*f - 27. Calculate the highest common divisor of f and 243.
27
Suppose 4*w - 5*u - 335 = 0, -3*u + 0*u - 82 = -w. Let s = 91 - w. Let a = 22 - 16. What is the highest common factor of a and s?
6
Suppose -s = s + 8. Let j = s - -6. Calculate the highest common factor of j and 18.
2
Let x(g) = -2*g + 2. Let i be x(-6). Let p(b) = -b**2 - 2*b. Let l be p(-4). Let k be (-2012)/(-18) + l/(-36). What is the greatest common divisor of i and k?
14
Suppose 4*a + 3*h = -11, 4*a - 13 = 2*h + 1. Let w = a - -7. Suppose 2*v - 614 = -4*s + 3*v, 4*v = w. Calculate the highest common divisor of 14 and s.
14
Let o = -228 - -237. What is the greatest common divisor of 5 and o?
1
Let z = 23 - 21. Let d be (-272)/(-32)*z*1. Calculate the highest common factor of 153 and d.
17
Let x(c) = -18*c**3 - c**2 - 2*c - 1. Suppose 12*a - 7*a = -5. Let f be -17 + 12 - (a - 3). Let m be x(f). Calculate the greatest common factor of 45 and m.
9
Let h = 3 - 2. Let i(m) = -m. Let z(a) = -3*a - 1. Let k(c) = -4*i(c) - 2*z(c). Let x be k(h). Calculate the highest common factor of x and 4.
4
Let w(x) be the first derivative of x**3/3 + 7*x**2/2 - 5*x - 38. Let m be w(-8). What is the highest common divisor of 3 and m?
3
Let y = 844 - 784. Calculate the highest common factor of 216 and y.
12
Suppose 183*q - 188*q = -1725. What is the highest common divisor of 60 and q?
15
Let i(y) = -y + 111. Let m be i(-15). Calculate the greatest common factor of 108 and m.
18
Suppose -5*q - 3*f = 2*f - 135, 2*q = f + 42. Calculate the highest common factor of q and 253.
23
Let h be (-4)/18 + (-415)/(-45). Let c = 32 - h. Let n = 99 - c. What is the highest common divisor of 19 and n?
19
Suppose 3*r + 4*v - 5 = 0, 0 = -19*r + 24*r + 4*v - 19. Suppose -4*d - l = -192, -3*l - 4 = -2*l. Calculate the highest common factor of d and r.
7
Let q = 1 - -2. Suppose -4*s + 3*y = -26, 0*s - 4*y = s + q. Suppose s*g - 26 = 29. Calculate the highest co